
10000
Convert -120 (base 12) to base 11.
-143
32 (base 7) to base 8
27
What is -2 (base 12) in base 10?
-2
What is -2 (base 12) in base 7?
-2
-19 (base 15) to base 3
-220
Convert -1 (base 7) to base 10.
-1
16 (base 11) to base 15
12
1012 (base 4) to base 16
46
What is a (base 16) in base 11?
a
What is 0 (base 4) in base 9?
0
Convert 71 (base 11) to base 16.
4e
30 (base 6) to base 16
12
Convert 19 (base 12) to base 8.
25
-38 (base 14) to base 15
-35
Convert -3 (base 12) to base 3.
-10
b (base 14) to base 8
13
What is -4 (base 15) in base 10?
-4
-132 (base 4) to base 5
-110
Convert b (base 12) to base 16.
b
Convert 0 (base 3) to base 11.
0
What is -130 (base 4) in base 2?
-11100
What is -22 (base 3) in base 7?
-11
What is 2 (base 12) in base 8?
2
Convert -21 (base 11) to base 16.
-17
16 (base 15) to base 2
10101
Convert 5 (base 10) to base 7.
5
-26 (base 11) to base 4
-130
Convert 0 (base 7) to base 15.
0
Convert -105 (base 7) to base 4.
-312
What is 6 (base 13) in base 6?
10
Convert -1 (base 2) to base 4.
-1
Convert -2 (base 16) to base 12.
-2
Convert 10 (base 8) to base 15.
8
What is 11 (base 3) in base 7?
4
Convert -1101101 (base 2) to base 9.
-131
Convert 0 (base 3) to base 2.
0
What is -200 (base 3) in base 13?
-15
What is 15 (base 9) in base 15?
e
211 (base 7) to base 9
127
Convert 20 (base 3) to base 9.
6
Convert 3 (base 8) to base 12.
3
Convert 2032 (base 5) to base 12.
1a3
-42 (base 9) to base 2
-100110
-3 (base 5) to base 16
-3
Convert 32 (base 6) to base 8.
24
Convert 3 (base 4) to base 9.
3
What is 1 (base 9) in base 8?
1
-6 (base 14) to base 6
-10
-43 (base 8) to base 15
-25
Convert -36 (base 16) to base 12.
-46
-114 (base 8) to base 16
-4c
-110 (base 4) to base 2
-10100
5 (base 12) to base 8
5
-13 (base 11) to base 10
-14
Convert 47 (base 8) to base 12.
33
210 (base 7) to base 3
10220
Convert -12 (base 5) to base 3.
-21
Convert 15 (base 13) to base 12.
16
Convert -1101101 (base 2) to base 6.
-301
Convert -3 (base 8) to base 14.
-3
a0 (base 11) to base 7
215
What is -1110111 (base 2) in base 16?
-77
0 (base 2) to base 10
0
What is -26 (base 8) in base 14?
-18
1a (base 13) to base 12
1b
1010 (base 2) to base 5
20
-5 (base 6) to base 8
-5
Convert 110 (base 3) to base 8.
14
Convert 5 (base 9) to base 11.
5
-480 (base 9) to base 12
-290
Convert -18 (base 10) to base 5.
-33
What is 25 (base 9) in base 12?
1b
What is 0 (base 16) in base 9?
0
What is 211 (base 4) in base 10?
37
Convert 3 (base 8) to base 7.
3
-95 (base 11) to base 3
-10212
What is 5 (base 7) in base 15?
5
Convert 0 (base 4) to base 11.
0
What is -10 (base 3) in base 8?
-3
Convert -7a (base 15) to base 7.
-223
What is 0 (base 4) in base 2?
0
What is -104 (base 7) in base 12?
-45
120 (base 14) to base 8
340
What is 5 (base 6) in base 16?
5
0 (base 4) to base 7
0
504 (base 7) to base 10
249
What is -11021 (base 3) in base 10?
-115
c (base 16) to base 13
c
101 (base 3) to base 11
a
-100 (base 3) to base 8
-11
Convert -11 (base 5) to base 16.
-6
Convert -226 (base 9) to base 14.
-d4
Convert 1 (base 9) to base 11.
1
Convert -102 (base 4) to base 14.
-14
What is -15 (base 10) in base 6?
-23
What is -22002 (base 3) in base 8?
-332
Convert 6 (base 10) to base 8.
6
What is -6 (base 10) in base 8?
-6
Convert 36 (base 7) to base 16.
1b
Convert -36 (base 12) to base 9.
-46
10001010 (base 2) to base 6
350
Convert 42 (base 7) to base 14.
22
Convert -100110110 (base 2) to base 9.
-374
10011 (base 2) to base 12
17
Convert 1 (base 6) to base 3.
1
What is -29 (base 11) in base 7?
-43
Convert -69 (base 10) to base 3.
-2120
Convert 50 (base 9) to base 16.
2d
What is -2 (base 4) in base 6?
-2
What is 0 (base 5) in base 12?
0
What is 5 (base 13) in base 5?
10
What is 8d (base 15) in base 3?
11221
Convert 334 (base 5) to base 8.
136
-256 (base 7) to base 4
-2023
-113 (base 5) to base 16
-21
0 (base 12) to base 8
0
Convert -3 (base 15) to base 11.
-3
What is -105 (base 8) in base 12?
-59
-4 (base 10) to base 11
-4
Convert 11 (base 13) to base 2.
1110
What is 3 (base 12) in base 14?
3
What is -5 (base 12) in base 14?
-5
What is 5 (base 7) in base 14?
5
Convert -3 (base 8) to base 15.
-3
-322 (base 9) to base 5
-2023
19 (base 15) to base 14
1a
What is -17 (base 10) in base 7?
-23
Convert 5b (base 12) to base 5.
241
Convert -1 (base 15) to base 12.
-1
What is 1330 (base 4) in base 6?
324
Convert -11 (base 5) to base 6.
-10
What is -7 (base 15) in base 12?
-7
5 (base 16) to base 2
101
32 (base 15) to base 9
52
What is -4 (base 16) in base 13?
-4
What is -20 (base 3) in base 10?
-6
-55 (base 9) to base 14
-38
1 (base 5) to base 14
1
What is 24 (base 13) in base 7?
42
-20 (base 5) to base 2
-1010
33 (base 6) to base 9
23
What is -4 (base 6) in base 13?
-4
Convert 2112 (base 3) to base 13.
53
-173 (base 9) to base 2
-10010011
-266 (base 10) to base 5
-2031
-4 (base 10) to base 3
-11
What is -3 (base 11) in base 4?
-3
What is -d (base 15) in base 6?
-21
What is -80 (base 9) in base 8?
-110
What is 16 (base 16) in base 5?
42
What is 8 (base 10) in base 9?
8
-164 (base 7) to base 13
-74
Convert 65 (base 7) to base 6.
115
What is -2 (base 6) in base 4?
-2
What is -46 (base 8) in base 14?
-2a
-10 (base 5) to base 9
-5
Convert -46 (base 13) to base 16.
-3a
0 (base 7) to base 10
0
What is -201 (base 6) in base 13?
-58
-10 (base 5) to base 12
-5
What is 6 (base 11) in base 9?
6
What is 2 (base 7) in base 8?
2
Convert 0 (base 13) to base 12.
0
What is -7 (base 12) in base 10?
-7
What is 21 (base 11) in base 2?
10111
What is 1000 (base 2) in base 10?
8
a (base 13) to base 7
13
-211 (base 4) to base 2
-100101
10 (base 15) to base 16
f
What is -4 (base 10) in base 14?
-4
Convert 1 (base 14) to base 12.
1
What is -4 (base 9) in base 2?
-100
Convert -2 (base 16) to base 11.
-2
Convert -410 (base 5) to base 10.
-105
Convert 1012 (base 3) to base 4.
200
-61 (base 10) to base 7
-115
What is 2 (base 5) in base 7?
2
Convert 3b (base 15) to base 4.
320
What is 30 (base 7) in base 15?
16
-2 (base 13) to base 15
-2
Convert -18 (base 15) to base 14.
-19
-28 (base 12) to base 15
-22
Convert -5 (base 11) to base 9.
-5
-1111 (base 6) to base 9
-317
10 (base 2) to base 12
2
What is 1 (base 6) in base 4?
1
What is 3 (base 16) in base 2?
11
What is 31 (base 10) in base 15?
21
Convert 2 (base 6) to base 2.
10
Convert 186 (base 12) to base 2.
11110110
What is -2 (base 7) in base 2?
-10
-10 (base 2) to base 6
-2
0 (base 5) to base 14
0
What is 100011 (base 2) in base 6?
55
Convert -4 (base 7) to base 16.
-4
Convert 11 (base 2) to base 12.
3
0 (base 11) to base 2
0
What is -13 (base 6) in base 5?
-14
0 (base 8) to base 13
0
Convert -10 (base 3) to base 4.
-3
Convert 3 (base 11) to base 12.
3
What is -5 (base 11) in base 2?
-101
Convert 13 (base 7) to base 5.
20
Convert 1e (base 15) to base 12.
25
What is -10 (base 3) in base 4?
-3
Convert 11 (base 5) to base 13.
6
-10 (base 8) to base 15
-8
Convert -2 (base 8) to base 4.
-2
What is 21 (base 3) in base 6?
11
-ce (base 16) to base 3
-21122
What is -2 (base 16) in base 13?
-2
What is -122 (base 9) in base 5?
-401
What is 30 (base 6) in base 4?
102
What is -3 (base 5) in base 14?
-3
What is 0 (base 16) in base 3?
0
-28 (base 9) to base 2
-11010
What is -64 (base 8) in base 6?
-124
Convert -3 (base 14) to base 3.
-10
What is 3 (base 11) in base 7?
3
4 (base 13) to base 5
4
Convert 11 (base 5) to base 6.
10
What is -a (base 15) in base 14?
-a
Convert 6 (base 15) to base 9.
6
-367 (base 8) to base 9
-304
b (base 15) to base 5
21
Convert 41 (base 16) to base 11.
5a
What is -3 (base 6) in base 11?
-3
7 (base 15) to base 5
12
108 (base 11) to base 5
1004
What is 0 (base 16) in base 13?
0
What is 9 (base 10) in base 11?
9
Convert 1 (base 5) to base 14.
1
What is -132 (base 6) in base 15?
-3b
What is -33 (base 7) in base 5?
-44
What is -3 (base 7) in base 12?
-3
3 (base 11) to base 13
3
What is 11 (base 12) in base 14?
d
27 (base 8) to base 4
113
What is -173 (base 13) in base 11?
-21a
40 (base 7) to base 8
34
What is 0 (base 3) in base 7?
0
Convert 27 (base 8) to base 2.
10111
Convert -25 (base 8) to base 16.
-15
42 (base 11) to base 14
34
What is -15 (base 6) in base 13?
-b
What is -c6 (base 14) in base 3?
-20110
What is -143 (base 6) in base 9?
-70
Convert 22 (base 5) to base 8.
14
What is